Last updated on 2018-06-20 01:50:04 CEST.
Flavor | Version | Tinstall | Tcheck | Ttotal | Status | Flags |
---|---|---|---|---|---|---|
r-devel-linux-x86_64-debian-clang | 0.0-1 | 1.10 | 21.06 | 22.16 | OK | |
r-devel-linux-x86_64-debian-gcc | 0.0-1 | 0.92 | 16.84 | 17.76 | OK | |
r-devel-linux-x86_64-fedora-clang | 0.0-1 | 25.91 | OK | |||
r-devel-linux-x86_64-fedora-gcc | 0.0-1 | 24.66 | OK | |||
r-devel-windows-ix86+x86_64 | 0.0-1 | 5.00 | 33.00 | 38.00 | OK | |
r-patched-linux-x86_64 | 0.0-1 | 1.08 | 19.95 | 21.03 | OK | |
r-patched-solaris-x86 | 0.0-1 | 38.50 | OK | |||
r-release-linux-x86_64 | 0.0-1 | 1.26 | 19.91 | 21.17 | OK | |
r-release-windows-ix86+x86_64 | 0.0-1 | 4.00 | 40.00 | 44.00 | OK | |
r-release-osx-x86_64 | 0.0-1 | OK | ||||
r-oldrel-windows-ix86+x86_64 | 0.0-1 | 4.00 | 31.00 | 35.00 | OK | |
r-oldrel-osx-x86_64 | 0.0-1 | ERROR |
Version: 0.0-1
Check: package dependencies
Result: NOTE
Package suggested but not available for checking: ‘devtools’
Flavor: r-oldrel-osx-x86_64
Version: 0.0-1
Check: tests
Result: ERROR
Running ‘testthat.R’ [1s/1s]
Running the tests in ‘tests/testthat.R’ failed.
Complete output:
> library(testthat)
> library(devtools)
Error in library(devtools) : there is no package called 'devtools'
Execution halted
Flavor: r-oldrel-osx-x86_64