Last updated on 2018-06-20 01:50:04 CEST.
Flavor | Version | Tinstall | Tcheck | Ttotal | Status | Flags |
---|---|---|---|---|---|---|
r-devel-linux-x86_64-debian-clang | 0.0-1 | 1.09 | 20.30 | 21.39 | OK | |
r-devel-linux-x86_64-debian-gcc | 0.0-1 | 0.76 | 16.21 | 16.97 | OK | |
r-devel-linux-x86_64-fedora-clang | 0.0-1 | 25.08 | OK | |||
r-devel-linux-x86_64-fedora-gcc | 0.0-1 | 23.52 | OK | |||
r-devel-windows-ix86+x86_64 | 0.0-1 | 4.00 | 33.00 | 37.00 | OK | |
r-patched-linux-x86_64 | 0.0-1 | 0.90 | 19.34 | 20.24 | OK | |
r-patched-solaris-x86 | 0.0-1 | 37.70 | OK | |||
r-release-linux-x86_64 | 0.0-1 | 0.92 | 19.23 | 20.15 | OK | |
r-release-windows-ix86+x86_64 | 0.0-1 | 4.00 | 40.00 | 44.00 | OK | |
r-release-osx-x86_64 | 0.0-1 | OK | ||||
r-oldrel-windows-ix86+x86_64 | 0.0-1 | 4.00 | 30.00 | 34.00 | OK | |
r-oldrel-osx-x86_64 | 0.0-1 | ERROR |
Version: 0.0-1
Check: package dependencies
Result: NOTE
Package suggested but not available for checking: ‘devtools’
Flavor: r-oldrel-osx-x86_64
Version: 0.0-1
Check: tests
Result: ERROR
Running ‘testthat.R’ [1s/1s]
Running the tests in ‘tests/testthat.R’ failed.
Complete output:
> library(testthat)
> library(devtools)
Error in library(devtools) : there is no package called 'devtools'
Execution halted
Flavor: r-oldrel-osx-x86_64