Last updated on 2018-06-20 01:50:04 CEST.
Flavor | Version | Tinstall | Tcheck | Ttotal | Status | Flags |
---|---|---|---|---|---|---|
r-devel-linux-x86_64-debian-clang | 0.2.1 | 4.79 | 65.45 | 70.24 | OK | |
r-devel-linux-x86_64-debian-gcc | 0.2.1 | 3.03 | 51.35 | 54.38 | OK | |
r-devel-linux-x86_64-fedora-clang | 0.2.1 | 81.02 | NOTE | |||
r-devel-linux-x86_64-fedora-gcc | 0.2.1 | 77.81 | NOTE | |||
r-devel-windows-ix86+x86_64 | 0.2.1 | 13.00 | 111.00 | 124.00 | OK | |
r-patched-linux-x86_64 | 0.2.1 | 3.38 | 60.80 | 64.18 | OK | |
r-patched-solaris-x86 | 0.2.1 | 107.90 | NOTE | |||
r-release-linux-x86_64 | 0.2.1 | 2.74 | 60.18 | 62.92 | OK | |
r-release-windows-ix86+x86_64 | 0.2.1 | 6.00 | 79.00 | 85.00 | OK | |
r-release-osx-x86_64 | 0.2.1 | NOTE | ||||
r-oldrel-windows-ix86+x86_64 | 0.2.1 | 5.00 | 80.00 | 85.00 | OK | |
r-oldrel-osx-x86_64 | 0.2.1 | NOTE |
Version: 0.2.1
Check: data for non-ASCII characters
Result: NOTE
Note: found 552 marked UTF-8 strings
Flavors: r-devel-linux-x86_64-fedora-clang, r-devel-linux-x86_64-fedora-gcc, r-patched-solaris-x86, r-release-osx-x86_64, r-oldrel-osx-x86_64