Last updated on 2018-06-20 01:50:04 CEST.
Flavor | Version | Tinstall | Tcheck | Ttotal | Status | Flags |
---|---|---|---|---|---|---|
r-devel-linux-x86_64-debian-clang | 0.3.0 | 11.63 | 30.28 | 41.91 | OK | |
r-devel-linux-x86_64-debian-gcc | 0.3.0 | 10.00 | 25.08 | 35.08 | OK | |
r-devel-linux-x86_64-fedora-clang | 0.3.0 | 40.57 | NOTE | |||
r-devel-linux-x86_64-fedora-gcc | 0.3.0 | 38.82 | OK | |||
r-devel-windows-ix86+x86_64 | 0.3.0 | 19.00 | 38.00 | 57.00 | NOTE | |
r-patched-linux-x86_64 | 0.3.0 | 7.74 | 28.58 | 36.32 | OK | |
r-patched-solaris-x86 | 0.3.0 | 86.60 | NOTE | |||
r-release-linux-x86_64 | 0.3.0 | 9.46 | 28.41 | 37.87 | OK | |
r-release-windows-ix86+x86_64 | 0.3.0 | 15.00 | 49.00 | 64.00 | NOTE | |
r-release-osx-x86_64 | 0.3.0 | NOTE | ||||
r-oldrel-windows-ix86+x86_64 | 0.3.0 | 13.00 | 34.00 | 47.00 | NOTE | |
r-oldrel-osx-x86_64 | 0.3.0 | NOTE |
Version: 0.3.0
Check: installed package size
Result: NOTE
installed size is 9.1Mb
sub-directories of 1Mb or more:
data 8.9Mb
Flavors: r-devel-linux-x86_64-fedora-clang, r-devel-windows-ix86+x86_64, r-patched-solaris-x86, r-release-windows-ix86+x86_64, r-release-osx-x86_64, r-oldrel-windows-ix86+x86_64, r-oldrel-osx-x86_64