CRAN Package Check Results for Package bayesplot

Last updated on 2018-06-20 01:50:04 CEST.

Flavor Version Tinstall Tcheck Ttotal Status Flags
r-devel-linux-x86_64-debian-clang 1.5.0 7.65 552.66 560.31 OK
r-devel-linux-x86_64-debian-gcc 1.5.0 7.19 413.24 420.43 OK
r-devel-linux-x86_64-fedora-clang 1.5.0 665.76 NOTE
r-devel-linux-x86_64-fedora-gcc 1.5.0 626.15 OK
r-devel-windows-ix86+x86_64 1.5.0 21.00 642.00 663.00 NOTE
r-patched-linux-x86_64 1.5.0 8.91 536.29 545.20 OK
r-patched-solaris-x86 1.5.0 670.70 NOTE
r-release-linux-x86_64 1.5.0 7.58 537.84 545.42 OK
r-release-windows-ix86+x86_64 1.5.0 12.00 515.00 527.00 NOTE
r-release-osx-x86_64 1.5.0 NOTE
r-oldrel-windows-ix86+x86_64 1.5.0 9.00 545.00 554.00 NOTE
r-oldrel-osx-x86_64 1.5.0 NOTE

Check Details

Version: 1.5.0
Check: installed package size
Result: NOTE
     installed size is 5.9Mb
     sub-directories of 1Mb or more:
     R 1.8Mb
     doc 3.6Mb
Flavors: r-devel-linux-x86_64-fedora-clang, r-devel-windows-ix86+x86_64, r-patched-solaris-x86, r-release-windows-ix86+x86_64, r-release-osx-x86_64, r-oldrel-windows-ix86+x86_64, r-oldrel-osx-x86_64