CRAN Package Check Results for Package bench

Last updated on 2018-06-20 01:50:05 CEST.

Flavor Version Tinstall Tcheck Ttotal Status Flags
r-devel-linux-x86_64-debian-clang 1.0.1 2.80 36.32 39.12 OK
r-devel-linux-x86_64-debian-gcc 1.0.1 1.66 28.54 30.20 OK
r-devel-linux-x86_64-fedora-clang 1.0.1 45.04 OK
r-devel-linux-x86_64-fedora-gcc 1.0.1 44.24 OK
r-devel-windows-ix86+x86_64 1.0.1 13.00 73.00 86.00 OK
r-patched-linux-x86_64 1.0.1 2.13 33.05 35.18 OK
r-patched-solaris-x86 1.0.1 64.90 OK
r-release-linux-x86_64 1.0.1 2.57 33.04 35.61 OK
r-release-windows-ix86+x86_64 1.0.1 8.00 89.00 97.00 OK
r-release-osx-x86_64 1.0.1 OK
r-oldrel-windows-ix86+x86_64 1.0.1 13.00 73.00 86.00 OK
r-oldrel-osx-x86_64 1.0.0 ERROR

Check Details

Version: 1.0.0
Check: whether package can be installed
Result: ERROR
    Installation failed.
Flavor: r-oldrel-osx-x86_64