Last updated on 2018-06-20 01:50:05 CEST.
Flavor | Version | Tinstall | Tcheck | Ttotal | Status | Flags |
---|---|---|---|---|---|---|
r-devel-linux-x86_64-debian-clang | 0.4.0 | 1.90 | 30.78 | 32.68 | OK | |
r-devel-linux-x86_64-debian-gcc | 0.4.0 | 1.56 | 24.13 | 25.69 | OK | |
r-devel-linux-x86_64-fedora-clang | 0.4.0 | 39.62 | OK | |||
r-devel-linux-x86_64-fedora-gcc | 0.4.0 | 36.81 | OK | |||
r-devel-windows-ix86+x86_64 | 0.4.0 | 7.00 | 60.00 | 67.00 | OK | |
r-patched-linux-x86_64 | 0.4.0 | 1.86 | 29.29 | 31.15 | OK | |
r-patched-solaris-x86 | 0.4.0 | 59.40 | NOTE | |||
r-release-linux-x86_64 | 0.4.0 | 2.72 | 29.03 | 31.75 | OK | |
r-release-windows-ix86+x86_64 | 0.4.0 | 5.00 | 42.00 | 47.00 | OK | |
r-release-osx-x86_64 | 0.4.0 | OK | ||||
r-oldrel-windows-ix86+x86_64 | 0.4.0 | 7.00 | 38.00 | 45.00 | OK | |
r-oldrel-osx-x86_64 | 0.3.2 | OK |
Version: 0.4.0
Check: Rd cross-references
Result: NOTE
Package unavailable to check Rd xrefs: ‘bigrquery’
Flavor: r-patched-solaris-x86