Last updated on 2018-06-20 01:50:05 CEST.
Flavor | Version | Tinstall | Tcheck | Ttotal | Status | Flags |
---|---|---|---|---|---|---|
r-devel-linux-x86_64-debian-clang | 4.5.33 | 66.20 | 42.56 | 108.76 | OK | |
r-devel-linux-x86_64-debian-gcc | 4.5.33 | 53.74 | 33.12 | 86.86 | OK | |
r-devel-linux-x86_64-fedora-clang | 4.5.33 | 149.44 | NOTE | |||
r-devel-linux-x86_64-fedora-gcc | 4.5.33 | 131.69 | OK | |||
r-devel-windows-ix86+x86_64 | 4.5.33 | 209.00 | 114.00 | 323.00 | WARN | |
r-patched-linux-x86_64 | 4.5.33 | 69.46 | 39.06 | 108.52 | OK | |
r-patched-solaris-x86 | 4.5.33 | 146.00 | OK | |||
r-release-linux-x86_64 | 4.5.33 | 67.54 | 38.80 | 106.34 | OK | |
r-release-windows-ix86+x86_64 | 4.5.33 | 162.00 | 82.00 | 244.00 | OK | |
r-release-osx-x86_64 | 4.5.33 | NOTE | ||||
r-oldrel-windows-ix86+x86_64 | 4.5.33 | 216.00 | 81.00 | 297.00 | OK | |
r-oldrel-osx-x86_64 | 4.5.33 | NOTE |
Version: 4.5.33
Check: installed package size
Result: NOTE
installed size is 6.2Mb
sub-directories of 1Mb or more:
libs 5.6Mb
Flavors: r-devel-linux-x86_64-fedora-clang, r-release-osx-x86_64, r-oldrel-osx-x86_64
Version: 4.5.33
Check: whether package can be installed
Result: WARN
Found the following significant warnings:
d:/RCompile/CRANpkg/lib/3.6/BH/include/boost/interprocess/detail/win32_api.hpp:145:9: warning: ISO C++ prohibits anonymous structs [-Wpedantic]
d:/RCompile/CRANpkg/lib/3.6/BH/include/boost/interprocess/detail/win32_api.hpp:153:9: warning: ISO C++ prohibits anonymous structs [-Wpedantic]
d:/RCompile/CRANpkg/lib/3.6/BH/include/boost/interprocess/detail/win32_api.hpp:178:13: warning: ISO C++ prohibits anonymous structs [-Wpedantic]
d:/RCompile/CRANpkg/lib/3.6/BH/include/boost/interprocess/detail/win32_api.hpp:180:7: warning: ISO C++ prohibits anonymous structs [-Wpedantic]
Flavor: r-devel-windows-ix86+x86_64