Last updated on 2018-06-20 01:50:05 CEST.
Flavor | Version | Tinstall | Tcheck | Ttotal | Status | Flags |
---|---|---|---|---|---|---|
r-devel-linux-x86_64-debian-clang | 1.1 | 7.57 | 65.76 | 73.33 | WARN | |
r-devel-linux-x86_64-debian-gcc | 1.1 | 6.55 | 51.60 | 58.15 | WARN | |
r-devel-linux-x86_64-fedora-clang | 1.1 | 86.72 | WARN | |||
r-devel-linux-x86_64-fedora-gcc | 1.1 | 82.34 | WARN | |||
r-devel-windows-ix86+x86_64 | 1.1 | 23.00 | 97.00 | 120.00 | WARN | |
r-patched-linux-x86_64 | 1.1 | 7.48 | 56.54 | 64.02 | WARN | |
r-patched-solaris-x86 | 1.1 | 117.00 | WARN | |||
r-release-linux-x86_64 | 1.1 | 8.28 | 55.27 | 63.55 | WARN | |
r-release-windows-ix86+x86_64 | 1.1 | 18.00 | 111.00 | 129.00 | WARN | |
r-release-osx-x86_64 | 1.1 | OK | ||||
r-oldrel-windows-ix86+x86_64 | 1.1 | 21.00 | 85.00 | 106.00 | WARN | |
r-oldrel-osx-x86_64 | 1.1 | OK |
Version: 1.1
Check: whether package can be installed
Result: WARN
Found the following significant warnings:
Warning: replacing previous import ‘statnet.common::colMeans.mcmc.list’ by ‘ergm::colMeans.mcmc.list’ when loading ‘blkergm’
Warning: replacing previous import ‘statnet.common::sweep.mcmc.list’ by ‘ergm::sweep.mcmc.list’ when loading ‘blkergm’
Flavors: r-devel-linux-x86_64-debian-clang, r-devel-linux-x86_64-debian-gcc, r-devel-linux-x86_64-fedora-clang, r-devel-linux-x86_64-fedora-gcc, r-devel-windows-ix86+x86_64, r-patched-linux-x86_64, r-patched-solaris-x86, r-release-linux-x86_64, r-release-windows-ix86+x86_64, r-oldrel-windows-ix86+x86_64
Version: 1.1
Check: compiled code
Result: NOTE
File ‘blkergm/libs/blkergm.so’:
Found no calls to: ‘R_registerRoutines’, ‘R_useDynamicSymbols’
It is good practice to register native routines and to disable symbol
search.
See ‘Writing portable packages’ in the ‘Writing R Extensions’ manual.
Flavors: r-devel-linux-x86_64-debian-clang, r-devel-linux-x86_64-debian-gcc, r-devel-linux-x86_64-fedora-clang, r-devel-linux-x86_64-fedora-gcc, r-patched-linux-x86_64, r-release-linux-x86_64