Last updated on 2018-06-20 01:50:06 CEST.
Flavor | Version | Tinstall | Tcheck | Ttotal | Status | Flags |
---|---|---|---|---|---|---|
r-devel-linux-x86_64-debian-clang | 1.2 | 29.18 | 30.85 | 60.03 | OK | |
r-devel-linux-x86_64-debian-gcc | 1.2 | 25.28 | 24.08 | 49.36 | OK | |
r-devel-linux-x86_64-fedora-clang | 1.2 | 78.83 | NOTE | |||
r-devel-linux-x86_64-fedora-gcc | 1.2 | 68.73 | OK | |||
r-devel-windows-ix86+x86_64 | 1.2 | 86.00 | 72.00 | 158.00 | OK | |
r-patched-linux-x86_64 | 1.2 | 28.63 | 29.30 | 57.93 | OK | |
r-patched-solaris-x86 | 1.2 | 110.50 | NOTE | |||
r-release-linux-x86_64 | 1.2 | 27.02 | 29.23 | 56.25 | OK | |
r-release-windows-ix86+x86_64 | 1.2 | 67.00 | 52.00 | 119.00 | OK | |
r-release-osx-x86_64 | 1.2 | OK | ||||
r-oldrel-windows-ix86+x86_64 | 1.2 | 91.00 | 61.00 | 152.00 | OK | |
r-oldrel-osx-x86_64 | 1.2 | OK |
Version: 1.2
Check: installed package size
Result: NOTE
installed size is 5.8Mb
sub-directories of 1Mb or more:
bin 2.3Mb
doc 1.1Mb
libs 2.3Mb
Flavors: r-devel-linux-x86_64-fedora-clang, r-patched-solaris-x86