CRAN Package Check Results for Package btergm

Last updated on 2018-06-20 01:50:06 CEST.

Flavor Version Tinstall Tcheck Ttotal Status Flags
r-devel-linux-x86_64-debian-clang 1.9.1 15.21 116.59 131.80 WARN
r-devel-linux-x86_64-debian-gcc 1.9.1 10.40 91.87 102.27 WARN
r-devel-linux-x86_64-fedora-clang 1.9.1 152.90 WARN
r-devel-linux-x86_64-fedora-gcc 1.9.1 143.66 WARN
r-devel-windows-ix86+x86_64 1.9.1 26.00 119.00 145.00 WARN
r-patched-linux-x86_64 1.9.1 11.90 103.30 115.20 WARN
r-patched-solaris-x86 1.9.1 212.00 WARN
r-release-linux-x86_64 1.9.1 12.63 101.98 114.61 WARN
r-release-windows-ix86+x86_64 1.9.1 19.00 161.00 180.00 WARN
r-release-osx-x86_64 1.9.1 OK
r-oldrel-windows-ix86+x86_64 1.9.1 14.00 107.00 121.00 WARN
r-oldrel-osx-x86_64 1.9.1 OK

Check Details

Version: 1.9.1
Check: whether package can be installed
Result: WARN
    Found the following significant warnings:
     Warning: replacing previous import ‘statnet.common::sweep.mcmc.list’ by ‘ergm::sweep.mcmc.list’ when loading ‘btergm’
     Warning: replacing previous import ‘statnet.common::colMeans.mcmc.list’ by ‘ergm::colMeans.mcmc.list’ when loading ‘btergm’
Flavors: r-devel-linux-x86_64-debian-clang, r-devel-linux-x86_64-debian-gcc, r-devel-linux-x86_64-fedora-clang, r-devel-linux-x86_64-fedora-gcc, r-devel-windows-ix86+x86_64, r-patched-linux-x86_64, r-patched-solaris-x86, r-release-linux-x86_64, r-release-windows-ix86+x86_64, r-oldrel-windows-ix86+x86_64

Version: 1.9.1
Check: examples
Result: WARN
    Found the following significant warnings:
    
     Warning: 'term.list.formula' is deprecated.
     Warning: 'term.list.formula' is deprecated.
     Warning: 'term.list.formula' is deprecated.
     Warning: 'term.list.formula' is deprecated.
     Warning: 'term.list.formula' is deprecated.
     Warning: 'term.list.formula' is deprecated.
     Warning: 'term.list.formula' is deprecated.
     Warning: 'term.list.formula' is deprecated.
     Warning: 'term.list.formula' is deprecated.
     Warning: 'term.list.formula' is deprecated.
     Warning: 'term.list.formula' is deprecated.
     Warning: 'term.list.formula' is deprecated.
     Warning: 'term.list.formula' is deprecated.
     Warning: 'term.list.formula' is deprecated.
     Warning: 'term.list.formula' is deprecated.
     Warning: 'term.list.formula' is deprecated.
     Warning: 'term.list.formula' is deprecated.
     Warning: 'term.list.formula' is deprecated.
     Warning: 'term.list.formula' is deprecated.
     Warning: 'term.list.formula' is deprecated.
     Warning: 'ergm.update.formula' is deprecated.
     Warning: 'term.list.formula' is deprecated.
     Warning: 'term.list.formula' is deprecated.
     Warning: 'ergm.update.formula' is deprecated.
     Warning: 'term.list.formula' is deprecated.
     Warning: 'term.list.formula' is deprecated.
     Warning: 'ergm.update.formula' is deprecated.
     Warning: 'term.list.formula' is deprecated.
     Warning: 'term.list.formula' is deprecated.
    Deprecated functions may be defunct as soon as of the next release of
    R.
    See ?Deprecated.
Flavors: r-devel-linux-x86_64-debian-clang, r-devel-linux-x86_64-debian-gcc, r-devel-linux-x86_64-fedora-clang, r-devel-linux-x86_64-fedora-gcc, r-devel-windows-ix86+x86_64, r-patched-linux-x86_64, r-patched-solaris-x86, r-release-linux-x86_64, r-release-windows-ix86+x86_64, r-oldrel-windows-ix86+x86_64