Last updated on 2018-06-20 01:50:06 CEST.
Flavor | Version | Tinstall | Tcheck | Ttotal | Status | Flags |
---|---|---|---|---|---|---|
r-devel-linux-x86_64-debian-clang | 1.0.3 | 157.19 | 119.11 | 276.30 | NOTE | |
r-devel-linux-x86_64-debian-gcc | 1.0.3 | 126.82 | 90.36 | 217.18 | NOTE | |
r-devel-linux-x86_64-fedora-clang | 1.0.3 | 409.51 | NOTE | |||
r-devel-linux-x86_64-fedora-gcc | 1.0.3 | 353.10 | NOTE | |||
r-devel-windows-ix86+x86_64 | 1.0.3 | 487.00 | 179.00 | 666.00 | NOTE | |
r-patched-linux-x86_64 | 1.0.3 | 162.01 | 103.79 | 265.80 | NOTE | |
r-patched-solaris-x86 | 1.0.3 | 393.90 | NOTE | |||
r-release-linux-x86_64 | 1.0.3 | 160.78 | 102.97 | 263.75 | NOTE | |
r-release-windows-ix86+x86_64 | 1.0.3 | 335.00 | 227.00 | 562.00 | NOTE | |
r-release-osx-x86_64 | 1.0.3 | NOTE | ||||
r-oldrel-windows-ix86+x86_64 | 1.0.3 | 376.00 | 176.00 | 552.00 | NOTE | |
r-oldrel-osx-x86_64 | 1.0.3 | NOTE |
Version: 1.0.3
Check: for GNU extensions in Makefiles
Result: NOTE
GNU make is a SystemRequirements.
Flavors: r-devel-linux-x86_64-debian-clang, r-devel-linux-x86_64-debian-gcc, r-devel-linux-x86_64-fedora-clang, r-devel-linux-x86_64-fedora-gcc, r-devel-windows-ix86+x86_64, r-patched-linux-x86_64, r-patched-solaris-x86, r-release-linux-x86_64, r-release-windows-ix86+x86_64, r-release-osx-x86_64, r-oldrel-windows-ix86+x86_64, r-oldrel-osx-x86_64
Version: 1.0.3
Check: installed package size
Result: NOTE
installed size is 6.3Mb
sub-directories of 1Mb or more:
libs 5.7Mb
Flavors: r-devel-linux-x86_64-fedora-clang, r-release-osx-x86_64, r-oldrel-osx-x86_64