Last updated on 2018-06-20 01:50:06 CEST.
Flavor | Version | Tinstall | Tcheck | Ttotal | Status | Flags |
---|---|---|---|---|---|---|
r-devel-linux-x86_64-debian-clang | 0.1.0 | 1.41 | 30.88 | 32.29 | OK | |
r-devel-linux-x86_64-debian-gcc | 0.1.0 | 1.10 | 25.11 | 26.21 | OK | |
r-devel-linux-x86_64-fedora-clang | 0.1.0 | 36.17 | NOTE | |||
r-devel-linux-x86_64-fedora-gcc | 0.1.0 | 33.01 | NOTE | |||
r-devel-windows-ix86+x86_64 | 0.1.0 | 6.00 | 140.00 | 146.00 | OK | |
r-patched-linux-x86_64 | 0.1.0 | 1.31 | 29.39 | 30.70 | OK | |
r-patched-solaris-x86 | 0.1.0 | 46.40 | NOTE | |||
r-release-linux-x86_64 | 0.1.0 | 1.46 | 28.64 | 30.10 | OK | |
r-release-windows-ix86+x86_64 | 0.1.0 | 3.00 | 101.00 | 104.00 | OK | |
r-release-osx-x86_64 | 0.1.0 | WARN | ||||
r-oldrel-windows-ix86+x86_64 | 0.1.0 | 3.00 | 102.00 | 105.00 | OK | |
r-oldrel-osx-x86_64 | 0.1.0 | WARN |
Version: 0.1.0
Check: dependencies in R code
Result: NOTE
Namespace in Imports field not imported from: ‘dbplyr’
All declared Imports should be used.
Flavors: r-devel-linux-x86_64-fedora-clang, r-devel-linux-x86_64-fedora-gcc, r-patched-solaris-x86, r-release-osx-x86_64, r-oldrel-osx-x86_64
Version: 0.1.0
Check: re-building of vignette outputs
Result: WARN
Error in re-building vignettes:
...
Warning in engine$weave(file, quiet = quiet, encoding = enc) :
Pandoc (>= 1.12.3) and/or pandoc-citeproc not available. Falling back to R Markdown v1.
Quitting from lines 42-44 (access_childes_db.Rmd)
Error: processing vignette 'access_childes_db.Rmd' failed with diagnostics:
SSL certificate problem: Invalid certificate chain
Execution halted
Flavors: r-release-osx-x86_64, r-oldrel-osx-x86_64