CRAN Package Check Results for Package circlize

Last updated on 2018-06-20 01:50:06 CEST.

Flavor Version Tinstall Tcheck Ttotal Status Flags
r-devel-linux-x86_64-debian-clang 0.4.4 8.89 73.74 82.63 OK
r-devel-linux-x86_64-debian-gcc 0.4.4 7.74 56.54 64.28 OK
r-devel-linux-x86_64-fedora-clang 0.4.4 96.77 OK
r-devel-linux-x86_64-fedora-gcc 0.4.4 91.74 OK
r-devel-windows-ix86+x86_64 0.4.4 22.00 120.00 142.00 OK
r-patched-linux-x86_64 0.4.4 11.40 71.60 83.00 OK
r-patched-solaris-x86 0.4.4 122.00 OK
r-release-linux-x86_64 0.4.4 9.41 70.11 79.52 OK
r-release-windows-ix86+x86_64 0.4.4 15.00 88.00 103.00 OK
r-release-osx-x86_64 0.4.4 OK
r-oldrel-windows-ix86+x86_64 0.4.4 10.00 85.00 95.00 OK
r-oldrel-osx-x86_64 0.4.3 NOTE

Check Details

Version: 0.4.3
Check: package dependencies
Result: NOTE
    Package suggested but not available for checking: ‘ComplexHeatmap’
Flavor: r-oldrel-osx-x86_64