CRAN Package Check Results for Package clues

Last updated on 2018-06-20 01:50:07 CEST.

Flavor Version Tinstall Tcheck Ttotal Status Flags
r-devel-linux-x86_64-debian-clang 0.5.9 3.48 28.66 32.14 NOTE
r-devel-linux-x86_64-debian-gcc 0.5.9 3.18 22.06 25.24 NOTE
r-devel-linux-x86_64-fedora-clang 0.5.9 38.27 NOTE
r-devel-linux-x86_64-fedora-gcc 0.5.9 36.08 NOTE
r-devel-windows-ix86+x86_64 0.5.9 24.00 64.00 88.00 OK
r-patched-linux-x86_64 0.5.9 3.43 26.82 30.25 NOTE
r-patched-solaris-x86 0.5.9 53.70 OK
r-release-linux-x86_64 0.5.9 3.47 26.81 30.28 NOTE
r-release-windows-ix86+x86_64 0.5.9 15.00 66.00 81.00 OK
r-release-osx-x86_64 0.5.9 OK
r-oldrel-windows-ix86+x86_64 0.5.9 22.00 44.00 66.00 OK
r-oldrel-osx-x86_64 0.5.9 OK

Check Details

Version: 0.5.9
Check: compiled code
Result: NOTE
    File ‘clues/libs/clues.so’:
     Found no calls to: ‘R_registerRoutines’, ‘R_useDynamicSymbols’
    
    It is good practice to register native routines and to disable symbol
    search.
    
    See ‘Writing portable packages’ in the ‘Writing R Extensions’ manual.
Flavors: r-devel-linux-x86_64-debian-clang, r-devel-linux-x86_64-debian-gcc, r-devel-linux-x86_64-fedora-clang, r-devel-linux-x86_64-fedora-gcc, r-patched-linux-x86_64, r-release-linux-x86_64