CRAN Package Check Results for Package clustermq

Last updated on 2018-06-20 01:50:07 CEST.

Flavor Version Tinstall Tcheck Ttotal Status Flags
r-devel-linux-x86_64-debian-clang 0.8.4 4.71 26.66 31.37 WARN
r-devel-linux-x86_64-debian-gcc 0.8.4 3.71 20.84 24.55 WARN
r-devel-linux-x86_64-fedora-clang 0.8.4 39.24 WARN
r-devel-linux-x86_64-fedora-gcc 0.8.4 35.92 WARN
r-devel-windows-ix86+x86_64 0.8.4 10.00 53.00 63.00 OK
r-patched-linux-x86_64 0.8.4 5.75 23.50 29.25 OK
r-patched-solaris-x86 0.8.4 51.00 NOTE
r-release-linux-x86_64 0.8.4 4.99 23.73 28.72 OK
r-release-windows-ix86+x86_64 0.8.4 8.00 32.00 40.00 OK
r-release-osx-x86_64 0.8.4 NOTE
r-oldrel-windows-ix86+x86_64 0.8.4 3.00 39.00 42.00 OK
r-oldrel-osx-x86_64 0.8.4 NOTE

Check Details

Version: 0.8.4
Check: for unstated dependencies in ‘tests’
Result: WARN
    '::' or ':::' import not declared from: ‘tibble’
Flavors: r-devel-linux-x86_64-debian-clang, r-devel-linux-x86_64-debian-gcc, r-devel-linux-x86_64-fedora-clang, r-devel-linux-x86_64-fedora-gcc

Version: 0.8.4
Check: dependencies in R code
Result: NOTE
    Namespaces in Imports field not imported from:
     ‘R6’ ‘infuser’ ‘purrr’
     All declared Imports should be used.
Flavors: r-devel-linux-x86_64-fedora-clang, r-devel-linux-x86_64-fedora-gcc, r-patched-solaris-x86, r-release-osx-x86_64, r-oldrel-osx-x86_64