CRAN Package Check Results for Package codyn

Last updated on 2018-06-20 01:50:07 CEST.

Flavor Version Tinstall Tcheck Ttotal Status Flags
r-devel-linux-x86_64-debian-clang 2.0.0 6.50 174.50 181.00 OK
r-devel-linux-x86_64-debian-gcc 2.0.0 5.28 131.48 136.76 OK
r-devel-linux-x86_64-fedora-clang 2.0.0 210.56 OK
r-devel-linux-x86_64-fedora-gcc 2.0.0 199.67 OK
r-devel-windows-ix86+x86_64 2.0.0 14.00 232.00 246.00 OK
r-patched-linux-x86_64 2.0.0 6.39 163.55 169.94 OK
r-patched-solaris-x86 2.0.0 253.90 OK
r-release-linux-x86_64 2.0.0 5.79 159.92 165.71 OK
r-release-windows-ix86+x86_64 2.0.0 11.00 172.00 183.00 OK
r-release-osx-x86_64 2.0.0 OK
r-oldrel-windows-ix86+x86_64 2.0.0 13.00 182.00 195.00 OK
r-oldrel-osx-x86_64 1.1.0 NOTE

Check Details

Version: 1.1.0
Check: package dependencies
Result: NOTE
    Package suggested but not available for checking: ‘devtools’
Flavor: r-oldrel-osx-x86_64