Last updated on 2018-06-20 01:50:07 CEST.
Flavor | Version | Tinstall | Tcheck | Ttotal | Status | Flags |
---|---|---|---|---|---|---|
r-devel-linux-x86_64-debian-clang | 0.1.7 | 4.52 | 49.39 | 53.91 | OK | |
r-devel-linux-x86_64-debian-gcc | 0.1.7 | 4.86 | 38.06 | 42.92 | OK | |
r-devel-linux-x86_64-fedora-clang | 0.1.7 | 67.41 | OK | |||
r-devel-linux-x86_64-fedora-gcc | 0.1.7 | 62.10 | OK | |||
r-devel-windows-ix86+x86_64 | 0.1.7 | 12.00 | 67.00 | 79.00 | OK | |
r-patched-linux-x86_64 | 0.1.7 | 4.29 | 46.73 | 51.02 | OK | |
r-patched-solaris-x86 | 0.1.7 | 82.00 | OK | |||
r-release-linux-x86_64 | 0.1.7 | 4.72 | 45.85 | 50.57 | OK | |
r-release-windows-ix86+x86_64 | 0.1.7 | 7.00 | 81.00 | 88.00 | OK | |
r-release-osx-x86_64 | 0.1.7 | OK | ||||
r-oldrel-windows-ix86+x86_64 | 0.1.7 | 6.00 | 68.00 | 74.00 | OK | |
r-oldrel-osx-x86_64 | 0.1.7 | WARN |
Version: 0.1.7
Check: re-building of vignette outputs
Result: WARN
Error in re-building vignettes:
...
Error: processing vignette 'R_packages-comf.ltx' failed with diagnostics:
Running 'texi2dvi' on 'R_packages-comf.ltx' failed.
LaTeX errors:
! LaTeX Error: File `subfigure.sty' not found.
Type X to quit or <RETURN> to proceed,
or enter new name. (Default extension: sty)
! Emergency stop.
<read *>
l.25 \usepackage
{multirow}^^M
! ==> Fatal error occurred, no output PDF file produced!
Execution halted
Flavor: r-oldrel-osx-x86_64