Last updated on 2018-06-20 01:50:08 CEST.
Flavor | Version | Tinstall | Tcheck | Ttotal | Status | Flags |
---|---|---|---|---|---|---|
r-devel-linux-x86_64-debian-clang | 0.2.3 | 8.67 | 87.21 | 95.88 | OK | |
r-devel-linux-x86_64-debian-gcc | 0.2.3 | 5.80 | 68.67 | 74.47 | OK | |
r-devel-linux-x86_64-fedora-clang | 0.2.3 | 110.19 | NOTE | |||
r-devel-linux-x86_64-fedora-gcc | 0.2.3 | 105.32 | NOTE | |||
r-devel-windows-ix86+x86_64 | 0.2.3 | 20.00 | 150.00 | 170.00 | OK | |
r-patched-linux-x86_64 | 0.2.3 | 7.18 | 73.96 | 81.14 | OK | |
r-patched-solaris-x86 | 0.2.3 | 145.50 | NOTE | |||
r-release-linux-x86_64 | 0.2.3 | 6.29 | 73.07 | 79.36 | OK | |
r-release-windows-ix86+x86_64 | 0.2.3 | 14.00 | 86.00 | 100.00 | OK | |
r-release-osx-x86_64 | 0.2.3 | NOTE | ||||
r-oldrel-windows-ix86+x86_64 | 0.2.3 | 13.00 | 106.00 | 119.00 | OK | |
r-oldrel-osx-x86_64 | 0.2.3 | NOTE |
Version: 0.2.3
Check: data for non-ASCII characters
Result: NOTE
Note: found 500 marked UTF-8 strings
Flavors: r-devel-linux-x86_64-fedora-clang, r-devel-linux-x86_64-fedora-gcc, r-patched-solaris-x86, r-release-osx-x86_64, r-oldrel-osx-x86_64