Last updated on 2018-06-20 01:50:08 CEST.
Flavor | Version | Tinstall | Tcheck | Ttotal | Status | Flags |
---|---|---|---|---|---|---|
r-devel-linux-x86_64-debian-clang | 0.2.0 | 2.19 | 31.21 | 33.40 | OK | |
r-devel-linux-x86_64-debian-gcc | 0.2.0 | 2.16 | 24.68 | 26.84 | OK | |
r-devel-linux-x86_64-fedora-clang | 0.2.0 | 39.25 | NOTE | |||
r-devel-linux-x86_64-fedora-gcc | 0.2.0 | 37.26 | NOTE | |||
r-devel-windows-ix86+x86_64 | 0.2.0 | 9.00 | 47.00 | 56.00 | OK | |
r-patched-linux-x86_64 | 0.2.0 | 1.90 | 27.95 | 29.85 | OK | |
r-patched-solaris-x86 | 0.2.0 | 57.00 | NOTE | |||
r-release-linux-x86_64 | 0.2.0 | 2.05 | 27.58 | 29.63 | OK | |
r-release-windows-ix86+x86_64 | 0.2.0 | 6.00 | 59.00 | 65.00 | OK | |
r-release-osx-x86_64 | 0.2.0 | NOTE | ||||
r-oldrel-windows-ix86+x86_64 | 0.2.0 | 6.00 | 43.00 | 49.00 | OK | |
r-oldrel-osx-x86_64 | 0.2.0 | NOTE |
Version: 0.2.0
Check: dependencies in R code
Result: NOTE
Namespace in Imports field not imported from: ‘magrittr’
All declared Imports should be used.
Flavors: r-devel-linux-x86_64-fedora-clang, r-devel-linux-x86_64-fedora-gcc, r-patched-solaris-x86, r-release-osx-x86_64, r-oldrel-osx-x86_64