Last updated on 2018-06-20 01:50:08 CEST.
Flavor | Version | Tinstall | Tcheck | Ttotal | Status | Flags |
---|---|---|---|---|---|---|
r-devel-linux-x86_64-debian-clang | 0.0.3 | 1.88 | 30.89 | 32.77 | OK | |
r-devel-linux-x86_64-debian-gcc | 0.0.3 | 1.58 | 24.57 | 26.15 | OK | |
r-devel-linux-x86_64-fedora-clang | 0.0.3 | 39.04 | OK | |||
r-devel-linux-x86_64-fedora-gcc | 0.0.3 | 36.35 | OK | |||
r-devel-windows-ix86+x86_64 | 0.0.3 | 8.00 | 67.00 | 75.00 | OK | |
r-patched-linux-x86_64 | 0.0.3 | 1.77 | 28.58 | 30.35 | OK | |
r-patched-solaris-x86 | 0.0.3 | 53.80 | WARN | |||
r-release-linux-x86_64 | 0.0.3 | 1.75 | 28.22 | 29.97 | OK | |
r-release-windows-ix86+x86_64 | 0.0.3 | 5.00 | 48.00 | 53.00 | OK | |
r-release-osx-x86_64 | 0.0.3 | WARN | ||||
r-oldrel-windows-ix86+x86_64 | 0.0.3 | 8.00 | 49.00 | 57.00 | OK | |
r-oldrel-osx-x86_64 | 0.0.3 | WARN |
Version: 0.0.3
Check: re-building of vignette outputs
Result: WARN
Error in re-building vignettes:
...
Warning in engine$weave(file, quiet = quiet, encoding = enc) :
Pandoc (>= 1.12.3) and/or pandoc-citeproc not available. Falling back to R Markdown v1.
Quitting from lines 26-34 (get_started.Rmd)
Error: processing vignette 'get_started.Rmd' failed with diagnostics:
there is no package called 'webshot'
Execution halted
Flavor: r-patched-solaris-x86
Version: 0.0.3
Check: re-building of vignette outputs
Result: WARN
Error in re-building vignettes:
...
Warning in engine$weave(file, quiet = quiet, encoding = enc) :
Pandoc (>= 1.12.3) and/or pandoc-citeproc not available. Falling back to R Markdown v1.
Quitting from lines 26-34 (get_started.Rmd)
Error: processing vignette 'get_started.Rmd' failed with diagnostics:
cannot open the connection
Execution halted
Flavors: r-release-osx-x86_64, r-oldrel-osx-x86_64