Last updated on 2018-06-20 01:50:08 CEST.
Flavor | Version | Tinstall | Tcheck | Ttotal | Status | Flags |
---|---|---|---|---|---|---|
r-devel-linux-x86_64-debian-clang | 1.2.1 | 9.77 | 88.10 | 97.87 | WARN | |
r-devel-linux-x86_64-debian-gcc | 1.2.1 | 7.17 | 68.12 | 75.29 | WARN | |
r-devel-linux-x86_64-fedora-clang | 1.2.1 | 116.13 | WARN | |||
r-devel-linux-x86_64-fedora-gcc | 1.2.1 | 111.19 | WARN | |||
r-devel-windows-ix86+x86_64 | 1.2.1 | 21.00 | 135.00 | 156.00 | OK | |
r-patched-linux-x86_64 | 1.2.1 | 7.28 | 78.46 | 85.74 | OK | |
r-patched-solaris-x86 | 1.2.1 | 139.60 | NOTE | |||
r-release-linux-x86_64 | 1.2.1 | 8.05 | 77.62 | 85.67 | OK | |
r-release-windows-ix86+x86_64 | 1.2.1 | 12.00 | 97.00 | 109.00 | OK | |
r-release-osx-x86_64 | 1.2.1 | NOTE | ||||
r-oldrel-windows-ix86+x86_64 | 1.2.1 | 7.00 | 98.00 | 105.00 | OK | |
r-oldrel-osx-x86_64 | 1.2.1 | NOTE |
Version: 1.2.1
Check: for unstated dependencies in ‘tests’
Result: WARN
'::' or ':::' import not declared from: ‘withr’
Flavors: r-devel-linux-x86_64-debian-clang, r-devel-linux-x86_64-debian-gcc, r-devel-linux-x86_64-fedora-clang, r-devel-linux-x86_64-fedora-gcc
Version: 1.2.1
Check: dependencies in R code
Result: NOTE
Namespace in Imports field not imported from: ‘tibble’
All declared Imports should be used.
Flavors: r-devel-linux-x86_64-fedora-clang, r-devel-linux-x86_64-fedora-gcc, r-patched-solaris-x86, r-release-osx-x86_64, r-oldrel-osx-x86_64