CRAN Package Check Results for Package derivmkts

Last updated on 2018-06-20 01:50:08 CEST.

Flavor Version Tinstall Tcheck Ttotal Status Flags
r-devel-linux-x86_64-debian-clang 0.2.2.1 2.57 40.21 42.78 OK
r-devel-linux-x86_64-debian-gcc 0.2.2.1 2.71 31.16 33.87 OK
r-devel-linux-x86_64-fedora-clang 0.2.3 32.60 NOTE
r-devel-linux-x86_64-fedora-gcc 0.2.2.1 49.99 OK
r-devel-windows-ix86+x86_64 0.2.2.1 7.00 85.00 92.00 OK
r-patched-linux-x86_64 0.2.2.1 2.86 38.63 41.49 OK
r-patched-solaris-x86 0.2.3 62.10 NOTE
r-release-linux-x86_64 0.2.2.1 2.57 38.08 40.65 OK
r-release-windows-ix86+x86_64 0.2.2.1 5.00 59.00 64.00 OK
r-release-osx-x86_64 0.2.2.1 OK
r-oldrel-windows-ix86+x86_64 0.2.2.1 4.00 65.00 69.00 OK
r-oldrel-osx-x86_64 0.2.2.1 OK

Check Details

Version: 0.2.3
Check: dependencies in R code
Result: NOTE
    Namespace in Imports field not imported from: ‘testthat’
     All declared Imports should be used.
Flavors: r-devel-linux-x86_64-fedora-clang, r-patched-solaris-x86