CRAN Package Check Results for Package dggridR

Last updated on 2018-06-20 01:50:08 CEST.

Flavor Version Tinstall Tcheck Ttotal Status Flags
r-devel-linux-x86_64-debian-clang 2.0.3 159.84 108.44 268.28 OK
r-devel-linux-x86_64-debian-gcc 2.0.3 166.18 87.00 253.18 OK
r-devel-linux-x86_64-fedora-clang 2.0.3 385.54 NOTE
r-devel-linux-x86_64-fedora-gcc 2.0.3 390.11 OK
r-devel-windows-ix86+x86_64 2.0.3 624.00 227.00 851.00 NOTE
r-patched-linux-x86_64 2.0.3 204.09 98.78 302.87 OK
r-patched-solaris-x86 2.0.3 398.50 OK
r-release-linux-x86_64 2.0.3 202.22 97.61 299.83 OK
r-release-windows-ix86+x86_64 2.0.3 446.00 169.00 615.00 NOTE
r-release-osx-x86_64 2.0.3 NOTE
r-oldrel-windows-ix86+x86_64 2.0.3 451.00 173.00 624.00 NOTE
r-oldrel-osx-x86_64 2.0.3 NOTE

Additional issues

gcc8

Check Details

Version: 2.0.3
Check: installed package size
Result: NOTE
     installed size is 19.4Mb
     sub-directories of 1Mb or more:
     doc 1.5Mb
     libs 17.5Mb
Flavors: r-devel-linux-x86_64-fedora-clang, r-devel-windows-ix86+x86_64, r-release-windows-ix86+x86_64, r-release-osx-x86_64, r-oldrel-windows-ix86+x86_64, r-oldrel-osx-x86_64