CRAN Package Check Results for Package dichromat

Last updated on 2018-06-20 01:50:09 CEST.

Flavor Version Tinstall Tcheck Ttotal Status Flags
r-devel-linux-x86_64-debian-clang 2.0-0 0.70 18.41 19.11 NOTE
r-devel-linux-x86_64-debian-gcc 2.0-0 0.60 14.60 15.20 NOTE
r-devel-linux-x86_64-fedora-clang 2.0-0 22.59 NOTE
r-devel-linux-x86_64-fedora-gcc 2.0-0 21.14 NOTE
r-devel-windows-ix86+x86_64 2.0-0 5.00 31.00 36.00 NOTE
r-patched-linux-x86_64 2.0-0 0.56 17.28 17.84 NOTE
r-patched-solaris-x86 2.0-0 33.80 NOTE
r-release-linux-x86_64 2.0-0 0.61 17.15 17.76 NOTE
r-release-windows-ix86+x86_64 2.0-0 5.00 30.00 35.00 NOTE
r-release-osx-x86_64 2.0-0 NOTE
r-oldrel-windows-ix86+x86_64 2.0-0 3.00 27.00 30.00 NOTE
r-oldrel-osx-x86_64 2.0-0 NOTE

Check Details

Version: 2.0-0
Check: R code for possible problems
Result: NOTE
    dichromat: no visible global function definition for ‘col2rgb’
    dichromat: no visible global function definition for ‘predict’
    dichromat: no visible global function definition for ‘rgb’
    Undefined global functions or variables:
     col2rgb predict rgb
    Consider adding
     importFrom("grDevices", "col2rgb", "rgb")
     importFrom("stats", "predict")
    to your NAMESPACE file.
Flavors: r-devel-linux-x86_64-debian-clang, r-devel-linux-x86_64-debian-gcc, r-devel-linux-x86_64-fedora-clang, r-devel-linux-x86_64-fedora-gcc, r-devel-windows-ix86+x86_64, r-patched-linux-x86_64, r-patched-solaris-x86, r-release-linux-x86_64, r-release-windows-ix86+x86_64, r-release-osx-x86_64, r-oldrel-windows-ix86+x86_64, r-oldrel-osx-x86_64