CRAN Package Check Results for Package diversitree

Last updated on 2018-06-20 01:50:11 CEST.

Flavor Version Tinstall Tcheck Ttotal Status Flags
r-devel-linux-x86_64-debian-clang 0.9-10 67.35 101.12 168.47 OK
r-devel-linux-x86_64-debian-gcc 0.9-10 51.06 75.85 126.91 OK
r-devel-linux-x86_64-fedora-clang 0.9-10 205.32 NOTE
r-devel-linux-x86_64-fedora-gcc 0.9-10 185.92 OK
r-devel-windows-ix86+x86_64 0.9-10 166.00 141.00 307.00 NOTE
r-patched-linux-x86_64 0.9-10 64.92 94.82 159.74 OK
r-patched-solaris-x86 0.9-10 201.20 OK
r-release-linux-x86_64 0.9-10 68.48 93.45 161.93 OK
r-release-windows-ix86+x86_64 0.9-10 134.00 175.00 309.00 NOTE
r-release-osx-x86_64 0.9-10 NOTE
r-oldrel-windows-ix86+x86_64 0.9-10 147.00 136.00 283.00 OK
r-oldrel-osx-x86_64 0.9-10 NOTE

Check Details

Version: 0.9-10
Check: installed package size
Result: NOTE
     installed size is 6.6Mb
     sub-directories of 1Mb or more:
     libs 5.3Mb
Flavors: r-devel-linux-x86_64-fedora-clang, r-devel-windows-ix86+x86_64, r-release-windows-ix86+x86_64, r-release-osx-x86_64, r-oldrel-osx-x86_64