Last updated on 2018-06-20 01:50:12 CEST.
Flavor | Version | Tinstall | Tcheck | Ttotal | Status | Flags |
---|---|---|---|---|---|---|
r-devel-linux-x86_64-debian-clang | 2.0-3 | 7.04 | 127.88 | 134.92 | OK | |
r-devel-linux-x86_64-debian-gcc | 2.0-3 | 5.40 | 97.95 | 103.35 | OK | |
r-devel-linux-x86_64-fedora-clang | 2.0-3 | 160.32 | OK | |||
r-devel-linux-x86_64-fedora-gcc | 2.0-3 | 153.69 | OK | |||
r-devel-windows-ix86+x86_64 | 2.0-3 | 15.00 | 136.00 | 151.00 | OK | |
r-patched-linux-x86_64 | 2.0-3 | 5.88 | 109.59 | 115.47 | OK | |
r-patched-solaris-x86 | 2.0-3 | 187.30 | OK | |||
r-release-linux-x86_64 | 2.0-3 | 5.73 | 107.71 | 113.44 | OK | |
r-release-windows-ix86+x86_64 | 2.0-3 | 11.00 | 164.00 | 175.00 | OK | |
r-release-osx-x86_64 | 2.0-3 | OK | ||||
r-oldrel-windows-ix86+x86_64 | 2.0-3 | 13.00 | 126.00 | 139.00 | OK | |
r-oldrel-osx-x86_64 | 2.0-3 | NOTE |
Version: 2.0-3
Check: re-building of vignette outputs
Result: NOTE
Error in re-building vignettes:
...
Error in texi2dvi(file = file, pdf = TRUE, clean = clean, quiet = quiet, :
Running 'texi2dvi' on 'Downscaling.tex' failed.
LaTeX errors:
! LaTeX Error: File `silence.sty' not found.
Type X to quit or <RETURN> to proceed,
or enter new name. (Default extension: sty)
! Emergency stop.
<read *>
l.10 \usepackage
{multirow}^^M
! ==> Fatal error occurred, no output PDF file produced!
Calls: buildVignettes -> texi2pdf -> texi2dvi
Execution halted
Flavor: r-oldrel-osx-x86_64