Last updated on 2018-06-20 01:50:12 CEST.
Flavor | Version | Tinstall | Tcheck | Ttotal | Status | Flags |
---|---|---|---|---|---|---|
r-devel-linux-x86_64-debian-clang | 0.3.0 | 2.92 | 50.65 | 53.57 | OK | |
r-devel-linux-x86_64-debian-gcc | 0.3.0 | 3.79 | 39.58 | 43.37 | OK | |
r-devel-linux-x86_64-fedora-clang | 0.3.0 | 35.65 | NOTE | |||
r-devel-linux-x86_64-fedora-gcc | 0.3.0 | 32.93 | NOTE | |||
r-devel-windows-ix86+x86_64 | 0.3.0 | 12.00 | 92.00 | 104.00 | OK | |
r-patched-linux-x86_64 | 0.3.0 | 3.95 | 43.12 | 47.07 | OK | |
r-patched-solaris-x86 | 0.3.0 | 73.30 | NOTE | |||
r-release-linux-x86_64 | 0.3.0 | 3.96 | 42.76 | 46.72 | OK | |
r-release-windows-ix86+x86_64 | 0.3.0 | 7.00 | 59.00 | 66.00 | OK | |
r-release-osx-x86_64 | 0.3.0 | NOTE | ||||
r-oldrel-windows-ix86+x86_64 | 0.3.0 | 11.00 | 79.00 | 90.00 | OK | |
r-oldrel-osx-x86_64 | 0.2.0 | NOTE |
Version: 0.3.0
Check: dependencies in R code
Result: NOTE
Namespaces in Imports field not imported from:
‘bit64’ ‘rstudioapi’
All declared Imports should be used.
Flavors: r-devel-linux-x86_64-fedora-clang, r-devel-linux-x86_64-fedora-gcc, r-patched-solaris-x86, r-release-osx-x86_64
Version: 0.2.0
Check: dependencies in R code
Result: NOTE
Namespaces in Imports field not imported from:
‘bit64’ ‘rstudioapi’ ‘tidyverse’
All declared Imports should be used.
Flavor: r-oldrel-osx-x86_64