Last updated on 2018-06-20 01:50:12 CEST.
Flavor | Version | Tinstall | Tcheck | Ttotal | Status | Flags |
---|---|---|---|---|---|---|
r-devel-linux-x86_64-debian-clang | 2.2.15 | 6.36 | 83.17 | 89.53 | WARN | |
r-devel-linux-x86_64-debian-gcc | 2.2.15 | 6.95 | 64.54 | 71.49 | WARN | |
r-devel-linux-x86_64-fedora-clang | 2.2.15 | 104.78 | WARN | |||
r-devel-linux-x86_64-fedora-gcc | 2.2.15 | 100.60 | WARN | |||
r-devel-windows-ix86+x86_64 | 2.2.15 | 19.00 | 91.00 | 110.00 | OK | |
r-patched-linux-x86_64 | 2.2.15 | 7.02 | 69.02 | 76.04 | OK | |
r-patched-solaris-x86 | 2.2.15 | 137.50 | OK | |||
r-release-linux-x86_64 | 2.2.15 | 6.18 | 68.88 | 75.06 | OK | |
r-release-windows-ix86+x86_64 | 2.2.15 | 10.00 | 114.00 | 124.00 | OK | |
r-release-osx-x86_64 | 2.2.15 | OK | ||||
r-oldrel-windows-ix86+x86_64 | 2.2.15 | 10.00 | 72.00 | 82.00 | OK | |
r-oldrel-osx-x86_64 | 2.2.15 | OK |
Version: 2.2.15
Check: for unstated dependencies in ‘tests’
Result: WARN
'library' or 'require' call not declared from: ‘testthat’
Flavors: r-devel-linux-x86_64-debian-clang, r-devel-linux-x86_64-debian-gcc, r-devel-linux-x86_64-fedora-clang, r-devel-linux-x86_64-fedora-gcc