CRAN Package Check Results for Package eDMA

Last updated on 2018-06-20 01:50:12 CEST.

Flavor Version Tinstall Tcheck Ttotal Status Flags
r-devel-linux-x86_64-debian-clang 1.5-1 87.17 31.17 118.34 OK
r-devel-linux-x86_64-debian-gcc 1.5-1 75.93 24.48 100.41 OK
r-devel-linux-x86_64-fedora-clang 1.5-1 166.52 NOTE
r-devel-linux-x86_64-fedora-gcc 1.5-1 152.61 OK
r-devel-windows-ix86+x86_64 1.5-1 223.00 65.00 288.00 OK
r-patched-linux-x86_64 1.5-1 100.99 28.53 129.52 OK
r-patched-solaris-x86 1.5-1 162.40 OK
r-release-linux-x86_64 1.5-1 91.19 28.11 119.30 OK
r-release-windows-ix86+x86_64 1.5-1 155.00 82.00 237.00 OK
r-release-osx-x86_64 1.5-1 OK
r-oldrel-windows-ix86+x86_64 1.5-1 215.00 62.00 277.00 OK
r-oldrel-osx-x86_64 1.5-1 OK

Check Details

Version: 1.5-1
Check: installed package size
Result: NOTE
     installed size is 5.1Mb
     sub-directories of 1Mb or more:
     libs 4.8Mb
Flavor: r-devel-linux-x86_64-fedora-clang