CRAN Package Check Results for Package eda4treeR

Last updated on 2018-06-20 01:50:12 CEST.

Flavor Version Tinstall Tcheck Ttotal Status Flags
r-devel-linux-x86_64-debian-clang 0.2.0 6.73 112.09 118.82 OK
r-devel-linux-x86_64-debian-gcc 0.2.0 8.12 87.84 95.96 OK
r-devel-linux-x86_64-fedora-clang 0.2.0 142.48 NOTE
r-devel-linux-x86_64-fedora-gcc 0.2.0 136.03 NOTE
r-devel-windows-ix86+x86_64 0.2.0 30.00 124.00 154.00 OK
r-patched-linux-x86_64 0.2.0 5.91 94.43 100.34 OK
r-patched-solaris-x86 0.2.0 200.30 NOTE
r-release-linux-x86_64 0.2.0 4.97 94.25 99.22 OK
r-release-windows-ix86+x86_64 0.2.0 17.00 156.00 173.00 OK
r-release-osx-x86_64 0.2.0 NOTE
r-oldrel-windows-ix86+x86_64 0.2.0 16.00 115.00 131.00 OK
r-oldrel-osx-x86_64 0.2.0 NOTE

Check Details

Version: 0.2.0
Check: dependencies in R code
Result: NOTE
    Namespaces in Imports field not imported from:
     ‘dae’ ‘dplyr’
     All declared Imports should be used.
Flavors: r-devel-linux-x86_64-fedora-clang, r-devel-linux-x86_64-fedora-gcc, r-patched-solaris-x86, r-release-osx-x86_64, r-oldrel-osx-x86_64