Last updated on 2018-06-20 01:50:12 CEST.
Flavor | Version | Tinstall | Tcheck | Ttotal | Status | Flags |
---|---|---|---|---|---|---|
r-devel-linux-x86_64-debian-clang | 1.0.1 | 27.06 | 38.66 | 65.72 | OK | |
r-devel-linux-x86_64-debian-gcc | 1.0.1 | 19.93 | 30.55 | 50.48 | OK | |
r-devel-linux-x86_64-fedora-clang | 1.0.1 | 84.40 | OK | |||
r-devel-linux-x86_64-fedora-gcc | 1.0.1 | 76.09 | OK | |||
r-devel-windows-ix86+x86_64 | 1.0.1 | 66.00 | 112.00 | 178.00 | OK | |
r-patched-linux-x86_64 | 1.0.1 | 28.26 | 35.32 | 63.58 | NOTE | |
r-patched-solaris-x86 | 1.0.1 | 90.30 | OK | |||
r-release-linux-x86_64 | 1.0.1 | 26.95 | 34.77 | 61.72 | NOTE | |
r-release-windows-ix86+x86_64 | 1.0.1 | 50.00 | 105.00 | 155.00 | OK | |
r-release-osx-x86_64 | 1.0.1 | OK | ||||
r-oldrel-windows-ix86+x86_64 | 1.0.1 | 53.00 | 73.00 | 126.00 | OK | |
r-oldrel-osx-x86_64 | 1.0.1 | OK |
Version: 1.0.1
Check: DESCRIPTION meta-information
Result: NOTE
Dependence on R version ‘3.3.1’ not with patchlevel 0
Flavors: r-patched-linux-x86_64, r-release-linux-x86_64