CRAN Package Check Results for Package emdi

Last updated on 2018-06-20 01:50:13 CEST.

Flavor Version Tinstall Tcheck Ttotal Status Flags
r-devel-linux-x86_64-debian-clang 1.1.2 11.65 114.52 126.17 OK
r-devel-linux-x86_64-debian-gcc 1.1.2 9.36 88.93 98.29 OK
r-devel-linux-x86_64-fedora-clang 1.1.2 146.18 NOTE
r-devel-linux-x86_64-fedora-gcc 1.1.2 142.04 NOTE
r-devel-windows-ix86+x86_64 1.1.2 27.00 175.00 202.00 OK
r-patched-linux-x86_64 1.1.2 10.43 98.38 108.81 OK
r-patched-solaris-x86 1.1.2 187.00 NOTE
r-release-linux-x86_64 1.1.2 9.32 97.72 107.04 OK
r-release-windows-ix86+x86_64 1.1.2 15.00 160.00 175.00 OK
r-release-osx-x86_64 1.1.2 NOTE
r-oldrel-windows-ix86+x86_64 1.1.2 12.00 123.00 135.00 OK
r-oldrel-osx-x86_64 1.1.2 NOTE

Check Details

Version: 1.1.2
Check: dependencies in R code
Result: NOTE
    Namespaces in Imports field not imported from:
     ‘graphics’ ‘maptools’ ‘rgeos’
     All declared Imports should be used.
Flavors: r-devel-linux-x86_64-fedora-clang, r-devel-linux-x86_64-fedora-gcc, r-patched-solaris-x86, r-release-osx-x86_64, r-oldrel-osx-x86_64

Version: 1.1.2
Check: data for non-ASCII characters
Result: NOTE
     Note: found 24 marked Latin-1 strings
Flavors: r-devel-linux-x86_64-fedora-clang, r-devel-linux-x86_64-fedora-gcc, r-patched-solaris-x86, r-release-osx-x86_64, r-oldrel-osx-x86_64