Last updated on 2018-06-20 01:50:13 CEST.
Flavor | Version | Tinstall | Tcheck | Ttotal | Status | Flags |
---|---|---|---|---|---|---|
r-devel-linux-x86_64-debian-clang | 1.8.9 | 357.89 | 72.35 | 430.24 | OK | |
r-devel-linux-x86_64-debian-gcc | 1.8.9 | 289.94 | 55.27 | 345.21 | OK | |
r-devel-linux-x86_64-fedora-clang | 1.8.9 | 673.77 | NOTE | |||
r-devel-linux-x86_64-fedora-gcc | 1.8.9 | 594.00 | OK | |||
r-devel-windows-ix86+x86_64 | 1.8.9 | 1086.00 | 154.00 | 1240.00 | OK | |
r-patched-linux-x86_64 | 1.8.9 | 359.68 | 66.42 | 426.10 | OK | |
r-patched-solaris-x86 | 1.8.9 | 561.60 | OK | |||
r-release-linux-x86_64 | 1.8.9 | 366.76 | 66.40 | 433.16 | OK | |
r-release-windows-ix86+x86_64 | 1.8.9 | 825.00 | 185.00 | 1010.00 | OK | |
r-release-osx-x86_64 | 1.8.9 | NOTE | ||||
r-oldrel-windows-ix86+x86_64 | 1.8.9 | 1135.00 | 140.00 | 1275.00 | OK | |
r-oldrel-osx-x86_64 | 1.8.8 | NOTE |
Version: 1.8.9
Check: installed package size
Result: NOTE
installed size is 13.2Mb
sub-directories of 1Mb or more:
libs 12.8Mb
Flavors: r-devel-linux-x86_64-fedora-clang, r-release-osx-x86_64
Version: 1.8.8
Check: installed package size
Result: NOTE
installed size is 6.5Mb
sub-directories of 1Mb or more:
libs 6.2Mb
Flavor: r-oldrel-osx-x86_64