Last updated on 2018-06-20 01:50:13 CEST.
Flavor | Version | Tinstall | Tcheck | Ttotal | Status | Flags |
---|---|---|---|---|---|---|
r-devel-linux-x86_64-debian-clang | 3042.89 | 73.25 | 154.23 | 227.48 | NOTE | |
r-devel-linux-x86_64-debian-gcc | 3042.89 | 56.34 | 120.71 | 177.05 | NOTE | |
r-devel-linux-x86_64-fedora-clang | 3042.89 | 286.42 | NOTE | |||
r-devel-linux-x86_64-fedora-gcc | 3042.89 | 242.91 | NOTE | |||
r-devel-windows-ix86+x86_64 | 3042.89 | 115.00 | 302.00 | 417.00 | OK | |
r-patched-linux-x86_64 | 3042.89 | 65.28 | 146.21 | 211.49 | NOTE | |
r-patched-solaris-x86 | 3042.89 | 384.70 | OK | |||
r-release-linux-x86_64 | 3042.89 | 152.15 | 144.12 | 296.27 | NOTE | |
r-release-windows-ix86+x86_64 | 3042.89 | 185.00 | 230.00 | 415.00 | OK | |
r-release-osx-x86_64 | 3042.89 | OK | ||||
r-oldrel-windows-ix86+x86_64 | 3042.89 | 22.00 | 299.00 | 321.00 | OK | |
r-oldrel-osx-x86_64 | 3042.89 | OK |
Version: 3042.89
Check: compiled code
Result: NOTE
File ‘fBasics/libs/fBasics.so’:
Found no calls to: ‘R_registerRoutines’, ‘R_useDynamicSymbols’
It is good practice to register native routines and to disable symbol
search.
See ‘Writing portable packages’ in the ‘Writing R Extensions’ manual.
Flavors: r-devel-linux-x86_64-debian-clang, r-devel-linux-x86_64-debian-gcc, r-devel-linux-x86_64-fedora-clang, r-devel-linux-x86_64-fedora-gcc, r-patched-linux-x86_64, r-release-linux-x86_64