Last updated on 2018-06-20 01:50:14 CEST.
Flavor | Version | Tinstall | Tcheck | Ttotal | Status | Flags |
---|---|---|---|---|---|---|
r-devel-linux-x86_64-debian-clang | 3042.83 | 8.36 | 81.81 | 90.17 | NOTE | |
r-devel-linux-x86_64-debian-gcc | 3042.83 | 7.52 | 65.69 | 73.21 | NOTE | |
r-devel-linux-x86_64-fedora-clang | 3042.83 | 107.36 | NOTE | |||
r-devel-linux-x86_64-fedora-gcc | 3042.83 | 101.68 | NOTE | |||
r-devel-windows-ix86+x86_64 | 3042.83 | 23.00 | 227.00 | 250.00 | OK | |
r-patched-linux-x86_64 | 3042.83 | 7.98 | 73.85 | 81.83 | NOTE | |
r-patched-solaris-x86 | 3042.83 | 129.20 | NOTE | |||
r-release-linux-x86_64 | 3042.83 | 7.36 | 73.09 | 80.45 | NOTE | |
r-release-windows-ix86+x86_64 | 3042.83 | 17.00 | 156.00 | 173.00 | OK | |
r-release-osx-x86_64 | 3042.83 | OK | ||||
r-oldrel-windows-ix86+x86_64 | 3042.83 | 16.00 | 121.00 | 137.00 | OK | |
r-oldrel-osx-x86_64 | 3042.83 | OK |
Version: 3042.83
Check: S3 generic/method consistency
Result: NOTE
Found the following apparent S3 methods exported but not registered:
.plot.garch.1 .plot.garch.10 .plot.garch.11 .plot.garch.12
.plot.garch.13 .plot.garch.2 .plot.garch.3 .plot.garch.4
.plot.garch.5 .plot.garch.6 .plot.garch.7 .plot.garch.8 .plot.garch.9
See section ‘Registering S3 methods’ in the ‘Writing R Extensions’
manual.
Flavors: r-devel-linux-x86_64-debian-clang, r-devel-linux-x86_64-debian-gcc, r-devel-linux-x86_64-fedora-clang, r-devel-linux-x86_64-fedora-gcc, r-patched-linux-x86_64, r-patched-solaris-x86, r-release-linux-x86_64
Version: 3042.83
Check: compiled code
Result: NOTE
File ‘fGarch/libs/fGarch.so’:
Found no calls to: ‘R_registerRoutines’, ‘R_useDynamicSymbols’
It is good practice to register native routines and to disable symbol
search.
See ‘Writing portable packages’ in the ‘Writing R Extensions’ manual.
Flavors: r-devel-linux-x86_64-debian-clang, r-devel-linux-x86_64-debian-gcc, r-devel-linux-x86_64-fedora-clang, r-devel-linux-x86_64-fedora-gcc, r-patched-linux-x86_64, r-release-linux-x86_64