Last updated on 2018-06-20 01:50:13 CEST.
Flavor | Version | Tinstall | Tcheck | Ttotal | Status | Flags |
---|---|---|---|---|---|---|
r-devel-linux-x86_64-debian-clang | 0.2.0 | 8.85 | 115.82 | 124.67 | OK | |
r-devel-linux-x86_64-debian-gcc | 0.2.0 | 8.24 | 91.48 | 99.72 | OK | |
r-devel-linux-x86_64-fedora-clang | 0.2.0 | 150.00 | NOTE | |||
r-devel-linux-x86_64-fedora-gcc | 0.2.0 | 144.08 | NOTE | |||
r-devel-windows-ix86+x86_64 | 0.2.0 | 46.00 | 184.00 | 230.00 | OK | |
r-patched-linux-x86_64 | 0.2.0 | 7.79 | 102.22 | 110.01 | OK | |
r-patched-solaris-x86 | 0.2.0 | 194.10 | NOTE | |||
r-release-linux-x86_64 | 0.2.0 | 7.83 | 102.29 | 110.12 | OK | |
r-release-windows-ix86+x86_64 | 0.2.0 | 27.00 | 109.00 | 136.00 | OK | |
r-release-osx-x86_64 | 0.2.0 | NOTE | ||||
r-oldrel-windows-ix86+x86_64 | 0.2.0 | 30.00 | 120.00 | 150.00 | OK | |
r-oldrel-osx-x86_64 | 0.2.0 | NOTE |
Version: 0.2.0
Check: dependencies in R code
Result: NOTE
Namespace in Imports field not imported from: ‘magrittr’
All declared Imports should be used.
Flavors: r-devel-linux-x86_64-fedora-clang, r-devel-linux-x86_64-fedora-gcc, r-patched-solaris-x86, r-release-osx-x86_64, r-oldrel-osx-x86_64