Last updated on 2018-06-20 01:50:14 CEST.
Flavor | Version | Tinstall | Tcheck | Ttotal | Status | Flags |
---|---|---|---|---|---|---|
r-devel-linux-x86_64-debian-clang | 0.4.0 | 250.56 | 154.35 | 404.91 | OK | |
r-devel-linux-x86_64-debian-gcc | 0.4.0 | 211.85 | 121.27 | 333.12 | OK | |
r-devel-linux-x86_64-fedora-clang | 0.4.0 | 539.89 | NOTE | |||
r-devel-linux-x86_64-fedora-gcc | 0.4.0 | 502.55 | OK | |||
r-devel-windows-ix86+x86_64 | 0.4.0 | 537.00 | 310.00 | 847.00 | NOTE | |
r-patched-linux-x86_64 | 0.4.0 | 252.78 | 142.40 | 395.18 | OK | |
r-patched-solaris-x86 | 0.4.0 | 465.40 | OK | |||
r-release-linux-x86_64 | 0.4.0 | 266.72 | 143.38 | 410.10 | OK | |
r-release-windows-ix86+x86_64 | 0.4.0 | 396.00 | 203.00 | 599.00 | NOTE | |
r-release-osx-x86_64 | 0.4.0 | NOTE | ||||
r-oldrel-windows-ix86+x86_64 | 0.4.0 | 389.00 | 219.00 | 608.00 | OK | |
r-oldrel-osx-x86_64 | 0.4.0 | NOTE |
Version: 0.4.0
Check: installed package size
Result: NOTE
installed size is 53.7Mb
sub-directories of 1Mb or more:
doc 2.4Mb
libs 50.6Mb
Flavors: r-devel-linux-x86_64-fedora-clang, r-devel-windows-ix86+x86_64, r-release-windows-ix86+x86_64, r-release-osx-x86_64, r-oldrel-osx-x86_64