Last updated on 2018-06-20 01:50:14 CEST.
Flavor | Version | Tinstall | Tcheck | Ttotal | Status | Flags |
---|---|---|---|---|---|---|
r-devel-linux-x86_64-debian-clang | 1.0.1 | 1.08 | 26.07 | 27.15 | WARN | |
r-devel-linux-x86_64-debian-gcc | 1.0.1 | 0.80 | 20.50 | 21.30 | WARN | |
r-devel-linux-x86_64-fedora-clang | 1.0.1 | 32.80 | OK | |||
r-devel-linux-x86_64-fedora-gcc | 1.0.1 | 30.87 | OK | |||
r-devel-windows-ix86+x86_64 | 1.0.1 | 3.00 | 60.00 | 63.00 | OK | |
r-patched-linux-x86_64 | 1.0.1 | 0.94 | 24.29 | 25.23 | WARN | |
r-patched-solaris-x86 | 1.0.1 | 48.50 | OK | |||
r-release-linux-x86_64 | 1.0.1 | 1.04 | 24.18 | 25.22 | WARN | |
r-release-windows-ix86+x86_64 | 1.0.1 | 2.00 | 41.00 | 43.00 | OK | |
r-release-osx-x86_64 | 1.0.1 | OK | ||||
r-oldrel-windows-ix86+x86_64 | 1.0.1 | 3.00 | 49.00 | 52.00 | OK | |
r-oldrel-osx-x86_64 | 1.0.1 | OK |
Version: 1.0.1
Check: re-building of vignette outputs
Result: WARN
Error in re-building vignettes:
...
Quitting from lines 83-87 (fiftystater.Rmd)
Error: processing vignette ‘fiftystater.Rmd’ failed with diagnostics:
no applicable method for ‘guide_train’ applied to an object of class "c('guide', 'colorplane')"
Execution halted
Flavors: r-devel-linux-x86_64-debian-clang, r-devel-linux-x86_64-debian-gcc, r-patched-linux-x86_64, r-release-linux-x86_64