Last updated on 2018-06-20 01:50:14 CEST.
Flavor | Version | Tinstall | Tcheck | Ttotal | Status | Flags |
---|---|---|---|---|---|---|
r-devel-linux-x86_64-debian-clang | 0.2.0 | 3.03 | 38.74 | 41.77 | OK | |
r-devel-linux-x86_64-debian-gcc | 0.2.0 | 2.61 | 30.41 | 33.02 | OK | |
r-devel-linux-x86_64-fedora-clang | 0.2.0 | 48.42 | OK | |||
r-devel-linux-x86_64-fedora-gcc | 0.2.0 | 45.54 | OK | |||
r-devel-windows-ix86+x86_64 | 0.2.0 | 10.00 | 62.00 | 72.00 | OK | |
r-patched-linux-x86_64 | 0.2.0 | 2.73 | 33.51 | 36.24 | NOTE | |
r-patched-solaris-x86 | 0.2.0 | 83.80 | OK | |||
r-release-linux-x86_64 | 0.2.0 | 2.71 | 33.55 | 36.26 | NOTE | |
r-release-windows-ix86+x86_64 | 0.2.0 | 5.00 | 84.00 | 89.00 | OK | |
r-release-osx-x86_64 | 0.2.0 | OK | ||||
r-oldrel-windows-ix86+x86_64 | 0.2.0 | 7.00 | 61.00 | 68.00 | OK | |
r-oldrel-osx-x86_64 | 0.2.0 | OK |
Version: 0.2.0
Check: DESCRIPTION meta-information
Result: NOTE
Dependence on R version ‘3.3.2’ not with patchlevel 0
Flavors: r-patched-linux-x86_64, r-release-linux-x86_64