CRAN Package Check Results for Package focusedMDS

Last updated on 2018-06-20 01:50:14 CEST.

Flavor Version Tinstall Tcheck Ttotal Status Flags
r-devel-linux-x86_64-debian-clang 1.3.3 1.46 22.84 24.30 OK
r-devel-linux-x86_64-debian-gcc 1.3.3 1.13 18.17 19.30 OK
r-devel-linux-x86_64-fedora-clang 1.3.3 28.45 OK
r-devel-linux-x86_64-fedora-gcc 1.3.3 26.64 OK
r-devel-windows-ix86+x86_64 1.3.3 4.00 33.00 37.00 OK
r-patched-linux-x86_64 1.3.3 1.36 20.84 22.20 NOTE
r-patched-solaris-x86 1.3.3 41.80 OK
r-release-linux-x86_64 1.3.3 1.43 20.60 22.03 NOTE
r-release-windows-ix86+x86_64 1.3.3 2.00 52.00 54.00 OK
r-release-osx-x86_64 1.3.3 OK
r-oldrel-windows-ix86+x86_64 1.3.3 4.00 34.00 38.00 OK
r-oldrel-osx-x86_64 1.3.3 OK

Check Details

Version: 1.3.3
Check: DESCRIPTION meta-information
Result: NOTE
    Dependence on R version ‘3.3.1’ not with patchlevel 0
Flavors: r-patched-linux-x86_64, r-release-linux-x86_64