Last updated on 2018-06-20 01:50:15 CEST.
Flavor | Version | Tinstall | Tcheck | Ttotal | Status | Flags |
---|---|---|---|---|---|---|
r-devel-linux-x86_64-debian-clang | 1.0.1 | 27.94 | 103.64 | 131.58 | OK | |
r-devel-linux-x86_64-debian-gcc | 1.0.1 | 21.73 | 80.65 | 102.38 | OK | |
r-devel-linux-x86_64-fedora-clang | 1.0.1 | 99.85 | NOTE | |||
r-devel-linux-x86_64-fedora-gcc | 1.0.1 | 93.93 | OK | |||
r-devel-windows-ix86+x86_64 | 1.0.1 | 68.00 | 230.00 | 298.00 | OK | |
r-patched-linux-x86_64 | 1.0.1 | 25.72 | 90.59 | 116.31 | OK | |
r-patched-solaris-x86 | 1.0.1 | 215.60 | OK | |||
r-release-linux-x86_64 | 1.0.1 | 27.66 | 89.65 | 117.31 | OK | |
r-release-osx-x86_64 | 1.0.1 | NOTE | ||||
r-oldrel-windows-ix86+x86_64 | 1.0.1 | 70.00 | 216.00 | 286.00 | OK | |
r-oldrel-osx-x86_64 | 1.0.0 | OK |
Version: 1.0.1
Check: installed package size
Result: NOTE
installed size is 5.1Mb
sub-directories of 1Mb or more:
libs 4.8Mb
Flavors: r-devel-linux-x86_64-fedora-clang, r-release-osx-x86_64