CRAN Package Check Results for Package futureheatwaves

Last updated on 2018-06-20 01:50:15 CEST.

Flavor Version Tinstall Tcheck Ttotal Status Flags
r-devel-linux-x86_64-debian-clang 1.0.3 18.97 52.39 71.36 NOTE
r-devel-linux-x86_64-debian-gcc 1.0.3 12.91 41.12 54.03 NOTE
r-devel-linux-x86_64-fedora-clang 1.0.3 85.53 NOTE
r-devel-linux-x86_64-fedora-gcc 1.0.3 80.17 NOTE
r-devel-windows-ix86+x86_64 1.0.3 50.00 133.00 183.00 NOTE
r-patched-linux-x86_64 1.0.3 16.96 48.54 65.50 NOTE
r-patched-solaris-x86 1.0.3 103.60 WARN
r-release-linux-x86_64 1.0.3 17.76 48.05 65.81 NOTE
r-release-windows-ix86+x86_64 1.0.3 32.00 97.00 129.00 NOTE
r-release-osx-x86_64 1.0.3 WARN
r-oldrel-windows-ix86+x86_64 1.0.3 33.00 102.00 135.00 NOTE
r-oldrel-osx-x86_64 1.0.3 WARN

Check Details

Version: 1.0.3
Check: compiled code
Result: NOTE
    File ‘futureheatwaves/libs/futureheatwaves.so’:
     Found no calls to: ‘R_registerRoutines’, ‘R_useDynamicSymbols’
    
    It is good practice to register native routines and to disable symbol
    search.
    
    See ‘Writing portable packages’ in the ‘Writing R Extensions’ manual.
Flavors: r-devel-linux-x86_64-debian-clang, r-devel-linux-x86_64-debian-gcc, r-devel-linux-x86_64-fedora-clang, r-devel-linux-x86_64-fedora-gcc, r-patched-linux-x86_64, r-release-linux-x86_64

Version: 1.0.3
Check: installed package size
Result: NOTE
     installed size is 5.0Mb
     sub-directories of 1Mb or more:
     doc 1.8Mb
     extdata 1.5Mb
     libs 1.5Mb
Flavors: r-devel-windows-ix86+x86_64, r-release-windows-ix86+x86_64, r-oldrel-windows-ix86+x86_64

Version: 1.0.3
Check: re-building of vignette outputs
Result: WARN
    Error in re-building vignettes:
     ...
    Warning in engine$weave(file, quiet = quiet, encoding = enc) :
     Pandoc (>= 1.12.3) and/or pandoc-citeproc not available. Falling back to R Markdown v1.
    Quitting from lines 604-605 (futureheatwaves.Rmd)
    Error: processing vignette 'futureheatwaves.Rmd' failed with diagnostics:
    there is no package called 'webshot'
    Execution halted
Flavor: r-patched-solaris-x86

Version: 1.0.3
Check: re-building of vignette outputs
Result: WARN
    Error in re-building vignettes:
     ...
    Warning in engine$weave(file, quiet = quiet, encoding = enc) :
     Pandoc (>= 1.12.3) and/or pandoc-citeproc not available. Falling back to R Markdown v1.
    Quitting from lines 604-605 (futureheatwaves.Rmd)
    Error: processing vignette 'futureheatwaves.Rmd' failed with diagnostics:
    cannot open the connection
    Execution halted
Flavors: r-release-osx-x86_64, r-oldrel-osx-x86_64