CRAN Package Check Results for Package gaiah

Last updated on 2018-06-20 01:50:15 CEST.

Flavor Version Tinstall Tcheck Ttotal Status Flags
r-devel-linux-x86_64-debian-clang 0.0.2 1.99 29.93 31.92 OK
r-devel-linux-x86_64-debian-gcc 0.0.2 1.63 23.30 24.93 OK
r-devel-linux-x86_64-fedora-clang 0.0.2 37.16 NOTE
r-devel-linux-x86_64-fedora-gcc 0.0.2 34.55 NOTE
r-devel-windows-ix86+x86_64 0.0.2 6.00 60.00 66.00 OK
r-patched-linux-x86_64 0.0.2 1.75 26.86 28.61 OK
r-patched-solaris-x86 0.0.2 50.80 NOTE
r-release-linux-x86_64 0.0.2 2.06 27.13 29.19 OK
r-release-windows-ix86+x86_64 0.0.2 4.00 42.00 46.00 OK
r-release-osx-x86_64 0.0.2 NOTE
r-oldrel-windows-ix86+x86_64 0.0.2 3.00 41.00 44.00 OK
r-oldrel-osx-x86_64 0.0.2 NOTE

Check Details

Version: 0.0.2
Check: dependencies in R code
Result: NOTE
    Namespaces in Imports field not imported from:
     ‘ggplot2’ ‘maptools’ ‘rgeos’ ‘stringr’ ‘tidyr’
     All declared Imports should be used.
Flavors: r-devel-linux-x86_64-fedora-clang, r-devel-linux-x86_64-fedora-gcc, r-patched-solaris-x86, r-release-osx-x86_64, r-oldrel-osx-x86_64