CRAN Package Check Results for Package gastempt

Last updated on 2018-06-20 01:50:15 CEST.

Flavor Version Tinstall Tcheck Ttotal Status Flags
r-devel-linux-x86_64-debian-clang 0.4.01 220.84 132.71 353.55 OK
r-devel-linux-x86_64-debian-gcc 0.4.01 184.09 102.72 286.81 OK
r-devel-linux-x86_64-fedora-clang 0.4.01 477.91 NOTE
r-devel-linux-x86_64-fedora-gcc 0.4.01 451.35 OK
r-devel-windows-ix86+x86_64 0.4.01 465.00 316.00 781.00 NOTE
r-patched-linux-x86_64 0.4.01 208.13 119.22 327.35 OK
r-patched-solaris-x86 0.4.01 429.50 NOTE
r-release-linux-x86_64 0.4.01 205.62 119.04 324.66 OK
r-release-windows-ix86+x86_64 0.4.01 348.00 261.00 609.00 NOTE
r-release-osx-x86_64 0.4.01 NOTE
r-oldrel-windows-ix86+x86_64 0.4.01 355.00 232.00 587.00 NOTE
r-oldrel-osx-x86_64 0.4.01 NOTE

Additional issues

ATLAS OpenBLAS

Check Details

Version: 0.4.01
Check: installed package size
Result: NOTE
     installed size is 63.1Mb
     sub-directories of 1Mb or more:
     libs 62.7Mb
Flavors: r-devel-linux-x86_64-fedora-clang, r-devel-windows-ix86+x86_64, r-patched-solaris-x86, r-release-windows-ix86+x86_64, r-release-osx-x86_64, r-oldrel-windows-ix86+x86_64, r-oldrel-osx-x86_64