Last updated on 2018-06-20 01:50:15 CEST.
Flavor | Version | Tinstall | Tcheck | Ttotal | Status | Flags |
---|---|---|---|---|---|---|
r-devel-linux-x86_64-debian-clang | 1.7.1 | 19.18 | 416.77 | 435.95 | NOTE | |
r-devel-linux-x86_64-debian-gcc | 1.7.1 | 16.12 | 314.78 | 330.90 | NOTE | |
r-devel-linux-x86_64-fedora-clang | 1.7.1 | 517.24 | NOTE | |||
r-devel-linux-x86_64-fedora-gcc | 1.7.1 | 507.24 | OK | |||
r-devel-windows-ix86+x86_64 | 1.7.1 | 49.00 | 675.00 | 724.00 | NOTE | |
r-patched-linux-x86_64 | 1.7.1 | 18.46 | 381.38 | 399.84 | NOTE | |
r-patched-solaris-x86 | 1.7.1 | 734.70 | NOTE | |||
r-release-linux-x86_64 | 1.7.1 | 15.85 | 380.97 | 396.82 | NOTE | |
r-release-windows-ix86+x86_64 | 1.7.1 | 37.00 | 628.00 | 665.00 | NOTE | |
r-release-osx-x86_64 | 1.7.1 | NOTE | ||||
r-oldrel-windows-ix86+x86_64 | 1.7.1 | 30.00 | 863.00 | 893.00 | OK | |
r-oldrel-osx-x86_64 | 1.7.1 | NOTE |
Version: 1.7.1
Check: package dependencies
Result: NOTE
Package which this enhances but not available for checking: ‘INLA’
Flavors: r-devel-linux-x86_64-debian-clang, r-devel-linux-x86_64-debian-gcc, r-patched-linux-x86_64, r-patched-solaris-x86, r-release-linux-x86_64, r-release-osx-x86_64, r-oldrel-osx-x86_64
Version: 1.7.1
Check: Rd cross-references
Result: NOTE
Package unavailable to check Rd xrefs: ‘INLA’
Flavors: r-devel-linux-x86_64-debian-clang, r-devel-linux-x86_64-debian-gcc, r-patched-linux-x86_64, r-patched-solaris-x86, r-release-linux-x86_64, r-release-osx-x86_64, r-oldrel-osx-x86_64
Version: 1.7.1
Check: installed package size
Result: NOTE
installed size is 5.3Mb
sub-directories of 1Mb or more:
data 3.8Mb
Flavors: r-devel-linux-x86_64-fedora-clang, r-devel-windows-ix86+x86_64, r-patched-solaris-x86, r-release-windows-ix86+x86_64, r-release-osx-x86_64