Last updated on 2018-06-20 01:50:16 CEST.
Flavor | Version | Tinstall | Tcheck | Ttotal | Status | Flags |
---|---|---|---|---|---|---|
r-devel-linux-x86_64-debian-clang | 0.3.1 | 1.97 | 53.92 | 55.89 | OK | |
r-devel-linux-x86_64-debian-gcc | 0.3.1 | 1.69 | 42.38 | 44.07 | OK | |
r-devel-linux-x86_64-fedora-clang | 0.3.1 | 65.43 | NOTE | |||
r-devel-linux-x86_64-fedora-gcc | 0.3.1 | 66.41 | NOTE | |||
r-devel-windows-ix86+x86_64 | 0.3.1 | 6.00 | 95.00 | 101.00 | OK | |
r-patched-linux-x86_64 | 0.3.1 | 1.44 | 51.75 | 53.19 | OK | |
r-patched-solaris-x86 | 0.3.1 | 89.20 | NOTE | |||
r-release-linux-x86_64 | 0.3.1 | 1.92 | 50.63 | 52.55 | OK | |
r-release-windows-ix86+x86_64 | 0.3.1 | 4.00 | 62.00 | 66.00 | OK | |
r-release-osx-x86_64 | 0.3.1 | NOTE | ||||
r-oldrel-windows-ix86+x86_64 | 0.3.1 | 6.00 | 97.00 | 103.00 | OK | |
r-oldrel-osx-x86_64 | 0.3.0 | OK |
Version: 0.3.1
Check: dependencies in R code
Result: NOTE
Namespace in Imports field not imported from: ‘rlang’
All declared Imports should be used.
Flavors: r-devel-linux-x86_64-fedora-clang, r-devel-linux-x86_64-fedora-gcc, r-patched-solaris-x86, r-release-osx-x86_64