Last updated on 2018-06-20 01:50:16 CEST.
Flavor | Version | Tinstall | Tcheck | Ttotal | Status | Flags |
---|---|---|---|---|---|---|
r-devel-linux-x86_64-debian-clang | 0.1.3 | 6.25 | 49.09 | 55.34 | OK | |
r-devel-linux-x86_64-debian-gcc | 0.1.3 | 3.35 | 38.72 | 42.07 | OK | |
r-devel-linux-x86_64-fedora-clang | 0.1.3 | 63.35 | NOTE | |||
r-devel-linux-x86_64-fedora-gcc | 0.1.3 | 60.26 | NOTE | |||
r-devel-windows-ix86+x86_64 | 0.1.3 | 17.00 | 99.00 | 116.00 | OK | |
r-patched-linux-x86_64 | 0.1.3 | 5.22 | 45.80 | 51.02 | OK | |
r-patched-solaris-x86 | 0.1.3 | 88.70 | NOTE | |||
r-release-linux-x86_64 | 0.1.3 | 4.95 | 45.00 | 49.95 | OK | |
r-release-windows-ix86+x86_64 | 0.1.3 | 10.00 | 83.00 | 93.00 | OK | |
r-release-osx-x86_64 | 0.1.3 | NOTE | ||||
r-oldrel-windows-ix86+x86_64 | 0.1.3 | 10.00 | 57.00 | 67.00 | OK | |
r-oldrel-osx-x86_64 | 0.1.3 | NOTE |
Version: 0.1.3
Check: dependencies in R code
Result: NOTE
Namespaces in Imports field not imported from:
‘gcookbook’ ‘ggthemes’ ‘moonBook’ ‘tidyverse’
All declared Imports should be used.
Flavors: r-devel-linux-x86_64-fedora-clang, r-devel-linux-x86_64-fedora-gcc, r-patched-solaris-x86, r-release-osx-x86_64, r-oldrel-osx-x86_64