Last updated on 2018-06-20 01:50:16 CEST.
Flavor | Version | Tinstall | Tcheck | Ttotal | Status | Flags |
---|---|---|---|---|---|---|
r-devel-linux-x86_64-debian-clang | 0.3 | 2.81 | 53.12 | 55.93 | OK | |
r-devel-linux-x86_64-debian-gcc | 0.3 | 2.96 | 41.11 | 44.07 | OK | |
r-devel-linux-x86_64-fedora-clang | 0.3 | 67.00 | NOTE | |||
r-devel-linux-x86_64-fedora-gcc | 0.3 | 62.68 | NOTE | |||
r-devel-windows-ix86+x86_64 | 0.3 | 8.00 | 70.00 | 78.00 | OK | |
r-patched-linux-x86_64 | 0.3 | 4.17 | 49.99 | 54.16 | OK | |
r-patched-solaris-x86 | 0.3 | 87.90 | NOTE | |||
r-release-linux-x86_64 | 0.3 | 4.39 | 50.08 | 54.47 | OK | |
r-release-windows-ix86+x86_64 | 0.3 | 6.00 | 95.00 | 101.00 | OK | |
r-release-osx-x86_64 | 0.3 | NOTE | ||||
r-oldrel-windows-ix86+x86_64 | 0.3 | 5.00 | 66.00 | 71.00 | OK | |
r-oldrel-osx-x86_64 | 0.3 | ERROR |
Version: 0.3
Check: dependencies in R code
Result: NOTE
Namespace in Imports field not imported from: ‘lazyeval’
All declared Imports should be used.
Flavors: r-devel-linux-x86_64-fedora-clang, r-devel-linux-x86_64-fedora-gcc, r-patched-solaris-x86, r-release-osx-x86_64, r-oldrel-osx-x86_64
Version: 0.3
Check: package dependencies
Result: NOTE
Package suggested but not available for checking: ‘vdiffr’
Flavor: r-oldrel-osx-x86_64
Version: 0.3
Check: tests
Result: ERROR
Running ‘testthat.R’ [5s/9s]
Running the tests in ‘tests/testthat.R’ failed.
Last 13 lines of output:
testthat results ================================================================
OK: 15 SKIPPED: 0 FAILED: 13
1. Error: geom_linerangeh() flips (@test-geoms.R#7)
2. Error: geom_pointangeh() flips (@test-geoms.R#13)
3. Error: geom_crossbarh() flips (@test-geoms.R#31)
4. Error: geom_errorbarh() flips (@test-geoms.R#37)
5. Error: geom_barh() flips (@test-geoms.R#45)
6. Error: geom_histogramh() flips (@test-geoms.R#57)
7. Error: geom_violinh() flips (@test-geoms.R#71)
8. Error: geom_boxploth() flips (@test-geoms.R#81)
9. Error: facet_grid() with free scales flips (@test-geoms.R#95)
1. ...
Error: testthat unit tests failed
Execution halted
Flavor: r-oldrel-osx-x86_64