Last updated on 2018-06-20 01:50:16 CEST.
Flavor | Version | Tinstall | Tcheck | Ttotal | Status | Flags |
---|---|---|---|---|---|---|
r-devel-linux-x86_64-debian-clang | 0.2.2 | 4.23 | 48.29 | 52.52 | WARN | |
r-devel-linux-x86_64-debian-gcc | 0.2.2 | 3.52 | 37.41 | 40.93 | WARN | |
r-devel-linux-x86_64-fedora-clang | 0.2.2 | 61.87 | WARN | |||
r-devel-linux-x86_64-fedora-gcc | 0.2.2 | 58.75 | WARN | |||
r-devel-windows-ix86+x86_64 | 0.2.2 | 16.00 | 85.00 | 101.00 | OK | |
r-patched-linux-x86_64 | 0.2.2 | 3.98 | 43.12 | 47.10 | OK | |
r-patched-solaris-x86 | 0.2.2 | 82.20 | OK | |||
r-release-linux-x86_64 | 0.2.2 | 5.36 | 42.43 | 47.79 | OK | |
r-release-windows-ix86+x86_64 | 0.2.2 | 10.00 | 81.00 | 91.00 | OK | |
r-release-osx-x86_64 | 0.2.2 | OK | ||||
r-oldrel-windows-ix86+x86_64 | 0.2.2 | 7.00 | 65.00 | 72.00 | OK | |
r-oldrel-osx-x86_64 | 0.2.2 | OK |
Version: 0.2.2
Check: for unstated dependencies in ‘tests’
Result: WARN
'::' or ':::' import not declared from: ‘tibble’
Flavors: r-devel-linux-x86_64-debian-clang, r-devel-linux-x86_64-debian-gcc, r-devel-linux-x86_64-fedora-clang, r-devel-linux-x86_64-fedora-gcc